ite?
False
Suppose 4*v = -2*i + 1758, -2*i + 881 = -i + 4*v. Is i a composite number?
False
Suppose 6 = -2*p + 4*p. Suppose 2*i - 2*t - p = 3, -t = 4*i - 27. Let y(s) = s**3 - 4*s**2 - 7*s - 11. Is y(i) a composite number?
False
Suppose 2*j - 3*j = -529. Let w = -3 - 207. Let x = w + j. Is x a composite number?
True
Let q(d) = 50*d**3 - 5*d**2 + d + 2. Let m be q(3). Is m/20*(6 - 2) a prime number?
False
Let q(u) = 31*u**3 - 8*u**2 - 4*u + 7. Suppose 0 = -8*k + 9*k - 6. Let l be q(k). Let r = l - 3812. Is r composite?
False
Let y(r) = 2*r**3 - 5*r**2 + r - 35. Is y(8) a composite number?
False
Let l(v) = v**2 - 14*v + 15. Let n be l(13). Suppose -n*q + 4 = 14. Let t(z) = -35*z - 12. Is t(q) composite?
False
Let j be (-116940)/(-25) + (-2)/(-5). Let t = -3281 + j. Is t composite?
True
Suppose 5*a - 665336 = -3*m, 34*a + 399201 = 37*a + 2*m. Is a composite?
False
Let y(t) = 547*t + 202. Is y(31) prime?
True
Is (-56)/196 + 23370/14 composite?
False
Let i be (-4 + 3)/(1/(-6)). Suppose -72 = 3*r - i*r. Is (208/r)/((-4)/(-66)) a prime number?
False
Suppose 189286 + 15721 = 11*l. Is l composite?
False
Let z be ((-2)/4 - 5)*-2*1. Let a(i) = i**2 + 18*i - 26. Is a(z) composite?
False
Let z(y) = -193*y + 1. Let x be z(-5). Let a = x + -551. Is a a prime number?
False
Let h be (-394)/(-26) + 20/(-130). Is 3*-1 + h/3 + 155 a composite number?
False
Suppose 0 = u + 4*p - 169, 3*p - 2*p + 761 = 4*u. Let g = u - -26. Let k = g + -122. Is k prime?
False
Suppose -26384 = -5*c + 38511. Is c a prime number?
True
Let q = 3855 + -1484. Is q prime?
True
Suppose 7*w = -1 + 8. Let f(x) = 328*x**2 + 3*x - 2. Is f(w) a composite number?
True
Let p = -33 - -35. Suppose 0 = -2*y - l - p*l - 7332, 0 = 2*y - l + 7324. Let j = -2408 - y. Is j a prime number?
False
Let o be 41 + (-10)/(25/(-5)). Let s = -12 + o. Is s a prime number?
True
Suppose -2*d = 5*r - 323, -r - 2*d = -0*r - 71. Suppose z + 15 = -2*t, r - 21 = -3*t + 5*z. Is t/(-45) - (-328)/10 a composite number?
True
Let g(z) = 10*z**2 - 6*z - 19. Let b be g(8). Suppose -114*m = -117*m + b. Is m a composite number?
False
Let m(d) = 2*d**3 + 5*d**2 + 3*d - 16. Let f(k) = -5*k**3 - 16*k**2 - 9*k + 47. Let w(h) = 3*f(h) + 8*m(h). Is w(9) prime?
True
Let y(p) = 1370*p**2 - 10*p + 23. Is y(3) prime?
True
Let w = 25 + -18. Let k(r) = -r**3 + 6*r**2 + 7*r + 5. Let l be k(w). Suppose o = 2*m + 2, 3*o + l*m - 25 = -2*o. Is o composite?
True
Let y(m) = -44*m**3 - 4*m**2 + 4*m + 4. Let v be y(-5). Is ((-1)/3)/(-1 - v/(-5388)) a composite number?
False
Let m(d) = d + 8. Let i be m(-18). Let z be (1272/(-60))/((-1)/i). Let h = -115 - z. Is h composite?
False
Let p be 53406/72 + 2*3/(-8). Is 1 + 3 + p*1 a prime number?
False
Let a(x) = 3*x**2 - 3*x + 3. Let c be a(2). Suppose -6 = 3*w + c. Let l(d) = -16*d + 2. Is l(w) a composite number?
True
Let p(j) = -j**3 - 6*j**2 + 5*j - 13. Suppose -3*k + 4*d + 51 = -18, -4*k = 4*d - 120. Let f = -36 + k. Is p(f) prime?
False
Suppose 6*o = 1646 + 748. Suppose 0 = 44*u - 47*u + o. Is u a prime number?
False
Let k be (7 - 2)*2/5. Is (-709*2/(-8))/(k/8) prime?
True
Let f = -13 - -17. Suppose 0 = -3*b + b - 5*c + 32, 0 = -5*b - f*c + 97. Is b a composite number?
True
Suppose z - 467 = -2*r, 3*z + 3*r + 322 = 1729. Let l be (-3 + 6)/((-3)/z). Is (8/(-4))/(6/l) composite?
False
Suppose -46712 = -4*r - 0*g - g, -4*r + 4*g = -46692. Is r prime?
True
Let z(y) = 79*y - 560. Is z(39) a prime number?
True
Let v = 1103 + -619. Let p = v + -189. Is p prime?
False
Let k = -13331 + 24844. Is k a composite number?
True
Let q be 48/(-64) - 94/(-8). Suppose q*i - 8*i = 993. Suppose 9 = -2*m + i. Is m composite?
True
Is 12/(36/9)*(-219428)/(-12) a composite number?
True
Suppose -f = -3*c + 10, -4*f - c + 6*c = 5. Suppose 2*m + 715 = f*q, 5*q - 3*m - 715 = -8*m. Is q a prime number?
False
Let f be ((-6)/(-9))/((-4)/(-36)). Let d(r) = 14*r**2 - 6*r + 1. Is d(f) composite?
True
Suppose 103*y - 102*y - 11959 = 0. Is y prime?
True
Suppose 0 = 41*c - 51*c + 5810. Is c composite?
True
Let d = -23 + 25. Suppose -k - d*k = -237. Let c = k + -24. Is c prime?
False
Is 63/(-105) - 205808/(-5) a composite number?
False
Let n = 502 + -59. Is n composite?
False
Suppose -8*w + 5*w + 153981 = -3*c, w - 51333 = -2*c. Is w prime?
True
Let t be (10 - -2812)*(-1)/(-2). Suppose 5*l - 2784 - t = 0. Is l composite?
False
Let h = 23685 - 15964. Is h composite?
True
Let v(x) = 6*x**2 + x + 6. Suppose -s + 8 = b - 0*s, 3*s = -5*b + 34. Is v(b) composite?
True
Suppose -2*t - 2 = -3*t, 4*k - 22 = 5*t. Suppose 0 = -10*w + k*w + 126. Let y = -26 + w. Is y composite?
False
Let p(w) = -3*w - 7. Let i be p(-3). Let o be 21/6*(8 + i). Is 15845/o + (-2)/(-7) composite?
True
Let v = 23 + -21. Is 93 + (-2)/(-1 + v) composite?
True
Is (1055/15)/(3/99) a prime number?
False
Let g(v) = 151*v**2 + v + 6. Let r be g(3). Suppose 5*c + r - 8393 = 0. Is c a prime number?
False
Suppose 86*y = 92*y - 167394. Is y a prime number?
False
Let w(d) = -d**3 + 2*d**2 - 40*d + 22531. Is w(0) prime?
True
Let q(y) = -y**3 + 2*y**2. Let f be q(2). Suppose f*v = 2*h - v - 11, 2*h + 2*v = 2. Suppose -249 = -x - 5*g, -2*x = 3*x + h*g - 1203. Is x composite?
False
Let v(a) = -a**3 + 4*a**2 - 3*a + 2. Let s be ((-4)/6)/(1/(-3)). Let k be v(s). Suppose k*p + 2*u = 700, p - u + 527 = 4*p. Is p composite?
True
Let o(r) = -20*r - 56. Let s be o(-3). Let g(q) = q**2 - 6*q + 7. Let a be g(5). Suppose -s*w + a*w + 74 = 0. Is w a prime number?
True
Let m(d) = d**2 - 7*d + 33 - 6 + 8*d**2. Is m(-11) a composite number?
False
Let n(z) = 10 + 4*z - 4 - 6*z - 3. Let u be n(3). Let y(s) = -19*s + 5. Is y(u) a prime number?
False
Let z = 54968 + -34701. Is z prime?
False
Suppose 10966 = 5*q - 27619. Is q composite?
False
Let k(c) be the third derivative of 11*c**4/12 - 11*c**3/6 + 7*c**2. Let x be k(-17). Is ((-6)/(-2))/((-21)/x) a composite number?
True
Suppose 3*p = -2*b + 816, 10 + 2 = -3*p. Suppose 2*t + 4*i - b = 0, -4*t = -i + 3*i - 822. Suppose 0 = 5*s - 190 - t. Is s a composite number?
False
Let j(m) = -m**2 + 2*m + 21. Let s be j(6). Let w(p) = 72*p**2 - 2*p + 1. Is w(s) a composite number?
True
Let y(g) = 95*g - 3. Let n be y(-8). Let d = n - -2095. Is (-1)/(-4)*d/9 a composite number?
False
Let w(g) = -3*g**3 - 186*g - 7. Is w(-22) prime?
False
Is 7/28 - (9167/(-4) + 1) prime?
False
Let m(s) = 823*s**2 - s + 1. Is m(-5) prime?
False
Let j be 3*6/(-27) + (-325208)/(-12). Suppose -13*m + 15319 = -j. Is m prime?
False
Let c(v) = -v**3 - 18*v**2 - 14*v - 18. Let l be c(-15). Let h = 1000 + l. Is h prime?
False
Suppose 2*u - 3*a = -0*a + 8, 20 = 5*u - 5*a. Let i(x) = x - 2. Let c be i(u). Suppose 152 = 2*j - 2*f, 5*f - c = 3. Is j composite?
True
Suppose n - 1069 = 292. Is n composite?
False
Let l(v) = 231*v - 83. Is l(2) a prime number?
True
Suppose 2*c - 5*c + 5*l + 7296 = 0, 0 = -4*c - l + 9751. Is c a composite number?
False
Suppose 289 = 8*b - 40279. Is b a prime number?
False
Let j(u) = 101*u + 14. Is j(1) a composite number?
True
Let c = -67 + 63. Is (9/(-2) - c)*-578 composite?
True
Suppose -2*a - v = 4*v - 39552, -4*a + 2*v + 79080 = 0. Is a a composite number?
True
Is 25/(-30) - 300157/(-66) a composite number?
False
Let z = 60766 - -12311. Is z composite?
True
Let t(g) be the second derivative of -37*g**5/20 - g**4/24 - 5*g**3/6 + 2*g. Let o(i) be the second derivative of t(i). Is o(-1) a composite number?
True
Let t = 3 + -1. Suppose 0*g = t*g - 10. Suppose 0*k + 5*l = -5*k + 125, g*l - 103 = -4*k. Is k a prime number?
False
Let r(j) = 6*j - 13. Let c be (-34)/(-6) + 4/12. Let o = c + 0. Is r(o) a composite number?
False
Suppose 2*k + k = -5*o - 22, 3 = 3*k. Let a = o + 10. Suppose 159 = -2*d + a*d. Is d composite?
False
Let q(v) = -2*v - 11. Let f be q(-8). Suppose 0 = -w + f*w. Suppose 4*x = -w*x + 1948. Is x composite?
False
Let m be ((-23)/3)/((-12)/180). Let x = m - 28. Is x a composite number?
True
Suppose u = 3*u - c - 14589, 15 = 3*c. Is u a prime number?
True
Suppose 26 = -4*l + 2*q, 3*l - 2*q + 4 = -13. Let m = l - -12. Suppose -m*b + b - 5*n = -509, 559 = 2*b - 5*n. Is b a prime number?
False
Let u(h) = h**3 - h**2 + 3*h - 4. Let l = -12 - -17. Is u(l) composite?
True
Let a = 4032 - 2213. Is a a prime number?
False
Let c be (-48)/18*207/4. Let h = -241